te the highest common factor of 104 and 932.
4
Calculate the highest common factor of 536768 and 64.
64
Calculate the highest common divisor of 17 and 1733.
1
What is the greatest common factor of 36 and 1956?
12
Calculate the highest common factor of 702 and 9984.
78
Calculate the greatest common divisor of 10766982 and 31.
31
Calculate the highest common factor of 4194850 and 2900.
1450
What is the highest common factor of 9805 and 333?
37
Calculate the highest common factor of 17391 and 235569.
1581
Calculate the highest common divisor of 293063 and 85.
17
What is the greatest common factor of 738 and 2?
2
Calculate the greatest common divisor of 288 and 329952.
96
Calculate the greatest common divisor of 1606 and 9746.
22
What is the greatest common factor of 37 and 203611?
37
Calculate the highest common divisor of 1144088 and 88.
88
What is the greatest common divisor of 299748 and 48?
12
Calculate the greatest common factor of 6580 and 8960.
140
Calculate the highest common factor of 428537 and 139.
139
Calculate the highest common factor of 9303 and 42.
21
What is the greatest common divisor of 29557 and 33?
11
Calculate the greatest common factor of 44393 and 103.
103
Calculate the highest common divisor of 102869 and 697.
41
What is the greatest common divisor of 1946 and 1112?
278
What is the highest common divisor of 1410 and 1207712?
94
Calculate the greatest common factor of 5626 and 783.
29
Calculate the greatest common factor of 24 and 357312.
24
Calculate the greatest common factor of 2464 and 18208.
32
What is the highest common factor of 500 and 3128500?
500
Calculate the highest common divisor of 903 and 11151.
21
What is the highest common divisor of 38 and 2298734?
38
Calculate the highest common divisor of 2630440 and 320.
40
What is the highest common divisor of 274 and 96722?
274
Calculate the greatest common divisor of 33 and 257961.
33
Calculate the greatest common divisor of 240 and 1494.
6
Calculate the highest common divisor of 228000 and 798.
114
What is the greatest common factor of 1536 and 11688?
24
Calculate the greatest common divisor of 87 and 830705.
29
Calculate the highest common divisor of 398237 and 21.
7
What is the greatest common divisor of 809128 and 256?
8
What is the greatest common factor of 6264 and 14848?
232
Calculate the greatest common divisor of 606 and 3232.
202
What is the highest common divisor of 1152 and 2748?
12
Calculate the greatest common factor of 4550 and 672.
14
What is the highest common factor of 2455 and 487072?
491
What is the highest common divisor of 93 and 1891?
31
What is the highest common divisor of 2233 and 24766?
203
Calculate the greatest common factor of 73806 and 30.
6
Calculate the greatest common divisor of 1064 and 488208.
56
What is the highest common divisor of 2960 and 6608?
16
What is the highest common divisor of 385662 and 38?
38
What is the highest common factor of 24180 and 1435083?
1209
Calculate the greatest common factor of 491 and 332407.
491
Calculate the highest common factor of 8 and 686448.
8
What is the highest common divisor of 247 and 75478?
13
Calculate the highest common divisor of 251648 and 328.
8
What is the greatest common factor of 22 and 3326?
2
What is the greatest common factor of 330 and 22170?
30
Calculate the greatest common divisor of 1445 and 2295.
85
What is the greatest common divisor of 31669 and 11?
11
Calculate the greatest common factor of 14377 and 341.
11
What is the highest common divisor of 399 and 155211?
399
What is the highest common factor of 3424 and 2000?
16
Calculate the highest common factor of 6770 and 1443364.
1354
What is the highest common divisor of 44968 and 1460?
292
What is the greatest common divisor of 1816 and 36093?
227
Calculate the highest common factor of 950 and 646.
38
Calculate the highest common factor of 32 and 287.
1
What is the greatest common factor of 180 and 31290?
30
What is the highest common factor of 32250 and 18318?
258
Calculate the highest common divisor of 22609 and 4439.
23
Calculate the highest common factor of 131638 and 122.
122
Calculate the greatest common divisor of 53 and 300457.
53
What is the greatest common factor of 63 and 6902?
7
What is the highest common divisor of 206949 and 303?
303
Calculate the greatest common divisor of 4790 and 310.
10
What is the greatest common factor of 86 and 31347?
43
Calculate the highest common factor of 3174 and 17618.
46
What is the greatest common factor of 3799 and 35632?
131
Calculate the greatest common divisor of 11178 and 729.
243
Calculate the highest common divisor of 91531 and 4823.
53
What is the greatest common divisor of 101392 and 528?
16
What is the highest common factor of 82485 and 1410?
705
Calculate the highest common factor of 8154 and 287051.
151
What is the highest common divisor of 116022 and 1464?
366
Calculate the highest common divisor of 310608 and 1764.
36
Calculate the highest common factor of 5 and 30970.
5
Calculate the greatest common divisor of 679 and 524867.
679
What is the greatest common factor of 402 and 844401?
201
Calculate the highest common divisor of 215 and 5848.
43
What is the greatest common divisor of 24 and 180240?
24
What is the greatest common factor of 4131206 and 188?
94
Calculate the highest common factor of 13201 and 4912.
307
Calculate the highest common divisor of 228876 and 54.
6
What is the highest common divisor of 3 and 103011?
3
What is the highest common divisor of 440 and 185020?
220
What is the highest common divisor of 23535 and 765?
45
Calculate the highest common factor of 2650 and 3074.
106
What is the greatest common divisor of 225998 and 46?
46
Calculate the highest common divisor of 15225 and 5.
5
What is the greatest common factor of 192 and 62532?
12
Calculate the highest common factor of 552 and 166296.
24
What is the highest common divisor of 164 and 4444?
4
What is the highest common divisor of 1248 and 90532?
52
Calculate the greatest common factor of 728604 and 111.
111
What is the highest common factor of 118830 and 102?
102
What is the highest common divisor of 70 and 1003205?
35
What is the greatest common divisor of 17212 and 92018?
662
What is the greatest common factor of 7942 and 304?
38
Calculate the highest common factor of 74250 and 9504.
594
Calculate the highest common divisor of 243617 and 11.
11
What is the highest common divisor of 79361 and 175635?
1301
What is the greatest common factor of 4696 and 3354118?
1174
What is the greatest common factor of 4968 and 15012?
108
Calculate the greatest common factor of 9204 and 89444.
236
Calculate the highest common divisor of 80878 and 143444.
1526
What is the highest common divisor of 284471 and 847?
121
What is the greatest common factor of 310 and 2583695?
155
What is the greatest common factor of 8 and 93098?
2
Calculate the highest common factor of 501847 and 3897.
433
Calculate the greatest common divisor of 812 and 26306.
14
What is the highest common factor of 1353 and 264737?
451
Calculate the greatest common divisor of 461660 and 205.
205
Calculate the highest common factor of 9984 and 145002.
78
What is the greatest common factor of 1825 and 475595?
365
Calculate the highest common factor of 8756 and 39556.
44
What is the highest common factor of 23 and 150167?
23
Calculate the greatest common divisor of 404 and 59.
1
What is the highest common factor of 1293140 and 380?
380
Calculate the greatest common factor of 53799 and 12939.
681
What is the highest common factor of 1108 and 111354?
554
Calculate the greatest common divisor of 13468 and 2548.
364
Calculate the greatest common divisor of 69643 and 35.
7
Calculate the highest common factor of 256 and 76064.
32
What is the greatest common divisor of 31783 and 1184?
37
What is the highest common divisor of 240 and 49360?
80
What is the greatest common divisor of 1027 and 923?
13
Calculate the highest common factor of 400 and 1520.
80
Calculate the highest common divisor of 16611 and 339.
339
What is the highest common factor of 154623 and 2331?
777
What is the highest common divisor of 8 and 109762?
2
Calculate the greatest common factor of 204 and 32572.
68
Calculate the greatest common factor of 48 and 53936.
16
Calculate the gr